7. What is the units digit of w?
1
Let l be (5 - (-14)/(-4))*6. Let u = -1 + 6. Suppose -r = 2, -u*i + 0*i + l = -2*r. What is the units digit of i?
1
What is the hundreds digit of 2/4*(1040 - (-3 + 5))?
5
Suppose -3 = -2*o - 11. What is the tens digit of o - (-68 + -3 + 4)?
6
Let p(l) = 17*l**2 - 31*l - 10. What is the thousands digit of p(10)?
1
Let h = -18 - -20. Suppose -h = 3*g - 140. What is the tens digit of g?
4
Let g(c) = -1 + 76*c - 158*c + 2*c**2 + 66*c. What is the tens digit of g(12)?
9
Suppose 13*h + 13*h = 23894. What is the tens digit of h?
1
Suppose 0 = 7*x - 887 - 4776. What is the tens digit of x?
0
Let u(a) = 12*a**2 - 20*a + 139. What is the units digit of u(10)?
9
Suppose -6 + 26 = 4*x. Suppose 0 = -5*j + 4*r - 90, -2*r + 90 = -x*j - r. What is the tens digit of 67/2 - 9/j?
3
Suppose 5*j - 4628 = -3*m, 32*j + 2*m = 27*j + 4632. What is the units digit of j?
8
Suppose 70*q = 74*q - 20. Suppose -84 = -q*y + 3*y. What is the units digit of y?
2
Let q(y) be the second derivative of y**5/20 + 2*y**4/3 + y**3/6 + 4*y**2 - 13*y. What is the units digit of q(-6)?
4
Suppose -3*z + 5*g + 0*g + 2959 = 0, z - 998 = 4*g. What is the hundreds digit of z?
9
Let z(j) = -j**3 + 5*j**2 - 6. Let x be z(3). Suppose -7*f - 30 = -x*f. Suppose -82 + 4 = -f*t. What is the tens digit of t?
1
Suppose -i + 8 = 5*p - 4*i, 0 = p - i. Suppose -2*y = p*r - 2, y - 1 = -5*r + r. Suppose r = -0*u + 4*u - 68. What is the tens digit of u?
1
Let w(y) = y**3 + y**2 - 1. Let b(m) = -6*m**3 + 7*m**2 + 6*m + 6. Let j(s) = b(s) + 5*w(s). What is the hundreds digit of j(9)?
2
What is the tens digit of (-4 - (-3 - 904)) + -8 + 12?
0
What is the hundreds digit of 5/1 + -1 + (1395 - -2)?
4
Let l = 17 + 51. Let a = l - 60. What is the units digit of a?
8
Let y be (-420)/18*(54/4)/(-3). Suppose -3*s + 4*s - 4*b - y = 0, 3*b - 382 = -4*s. What is the tens digit of s?
9
Let k(r) = -r**3 + 10*r**2 + 1. Let l be k(5). Let t = -68 + l. What is the tens digit of t?
5
Let k be (-175)/(-15) - 1/((-3)/(-2)). Let t(n) = 2*n**2 - 10*n - 30. What is the hundreds digit of t(k)?
1
Let a = 56 + -88. Let x = 70 + a. What is the tens digit of x?
3
Suppose -4*q + 9*q = -4*t - 12, -4*t + 3*q + 20 = 0. Suppose 61 = t*r + 1. What is the units digit of r?
0
Let v = -18 - -31. Suppose 14*o - v*o - 81 = 0. What is the tens digit of o?
8
Suppose -2*y + 8 = 2*m, 4*m - y + 3 = 24. Suppose 4*u - 4*g = 240, 2 = -u + m*g + 82. What is the units digit of u?
5
Let i(y) = -4*y + 31. Let f be i(7). Suppose -29 = 4*d - 3*z, -12 = 3*d - 3*z + 9. What is the units digit of (-4)/d*294/f?
9
Suppose 6 = -2*d, 5*x - 601 = -5*d + 1229. What is the tens digit of x?
6
Let n(u) be the second derivative of u**5/20 + u**4/12 + u**3/6 + 25*u**2 - 14*u. What is the units digit of n(0)?
0
Let b = -400 - -521. What is the hundreds digit of b?
1
Suppose 0 = -0*s + 2*s - 4. Let x(k) = 3*k + k - 1 + 10*k**2 - 17*k**2 + 6*k**s. What is the units digit of x(2)?
3
Let y = 2 - -2. Suppose y*d - 3*x = 81, -d - 7*x = -3*x - 25. Let g = 24 - d. What is the units digit of g?
3
Let a be (-2)/((-12)/(-3) + -2). Let d be ((-8)/16)/(a/4). Suppose d*j - 159 = -j. What is the units digit of j?
3
Let j(t) = -t - 10. Let c be j(-7). Let r be (-4)/(-6) + (-4)/c. What is the tens digit of 91/r + 3/(-6)?
4
Suppose 38*j = 56*j - 19530. What is the tens digit of j?
8
Let x = 71 - 73. What is the tens digit of (-6 + x)/(5/(-65))?
0
Suppose 6056 = 6*o + 2*o. What is the tens digit of o?
5
Let f(h) = 2*h**2 - h. Let p be f(2). Let v be (2 - 0) + (p - 5). Let b(m) = 2*m**2 - 2. What is the units digit of b(v)?
6
Let f(g) = -20*g**2 - 5*g. Let k(u) = -19*u**2 - 5*u + 1. Let y(t) = -5*f(t) + 4*k(t). Let v be y(-2). Let r = v - 64. What is the tens digit of r?
2
Let f(n) = n**2 + 9*n - 22. Let x be f(-11). Suppose 4*z + 3*j - 3 = x, -5*z - 3*j = j - 3. Suppose 0*s - 138 = -z*s. What is the tens digit of s?
4
Let l = -18 - -6. What is the units digit of l/4 + 69 + -2?
4
Let n(b) = -b + 1. Let o be n(-4). Let r(v) = 0*v + 0*v + 6 + o*v - v. What is the units digit of r(5)?
6
Let s(p) = 8*p + 10. Let v(j) = -j**3 - j**2 + 5*j - 3. Let g(b) = -b**3 + 6*b - 2. Let h(c) = 5*g(c) - 6*v(c). Let i be h(-6). What is the units digit of s(i)?
4
Let p be -15*(-3 - -1)/10. Suppose 4*f - 596 = -2*j, -126 = -p*f - j + 319. What is the tens digit of f?
4
Let a(f) = 6*f + 69. What is the units digit of a(6)?
5
Suppose 4*k + 240 = -0*k. Let o = 160 + k. What is the hundreds digit of o?
1
Suppose -2*f - f = -228. Suppose 36 + f = 7*c. What is the tens digit of c?
1
Suppose -4*h + 7 = -2*l - 21, -2*h = -3*l - 18. Let y = -2 - -6. Suppose h = 5*g - y. What is the units digit of g?
2
Let s(l) = -l**2 - 4*l + 14. Let u be s(-6). What is the tens digit of (((-200)/(-6))/5)/(u/6)?
2
Suppose 4*a + 5 = -43. Let x(h) = -h**3 - 11*h**2 + 12*h + 1. What is the units digit of x(a)?
1
Let r = -869 + 1158. What is the hundreds digit of r?
2
Let g = -98 + 167. What is the tens digit of g + -1 + (3 - 1)?
7
Suppose 81*l - 88068 = 40*l. What is the units digit of l?
8
Let r = -6 + 3. Let p = r + 7. What is the tens digit of p/(4/27) + 2?
2
Suppose -2*k = 5*x - 2319, -2*x - 3*k + 924 = -k. Suppose x = -6*m + m. Let p = -66 - m. What is the tens digit of p?
2
Let o be 23/5 + 4/20*-3. Suppose m = o*m - 57. What is the tens digit of m?
1
Let y(m) = 4*m**2 - m + 3*m + 5 - 2*m**2. What is the units digit of y(-4)?
9
Suppose -3*d = -3*t - t - 34, 4*d = 2*t + 62. Suppose -b - 6 = -d. Suppose -4*g + 4 = -5*q + q, -2*g + b = 3*q. What is the units digit of g?
3
Let h be (-2)/(1*(-2)/4). Suppose 3*b + f - 279 = -13, 5*b - h*f - 432 = 0. What is the units digit of b?
8
Let l = 1 - -3. Let a(k) be the second derivative of -k**3/6 + 5*k**2/2 - 16*k. What is the units digit of a(l)?
1
Let b = -124 - -220. Let i = b + -38. What is the tens digit of i?
5
Suppose -5*k = 69 + 51. What is the tens digit of k/16 - 155/(-2)?
7
Suppose -2*m = -3*n + 3958, -n - 5*m + 687 = -621. What is the tens digit of n?
1
Suppose 6*g - 7*g + 44 = 0. Suppose f = -3*f - g. Let o = f + 20. What is the units digit of o?
9
Suppose -4*s = 2*h + 99 + 15, -2*s - 3*h = 67. Let x = s - -31. What is the units digit of x?
5
Let p(m) be the third derivative of m**4/24 - m**3/6 + 4*m**2. Let w(h) = -7*h - 9. Let y(q) = 3*p(q) + w(q). What is the tens digit of y(-14)?
4
Suppose 3*d - 4 = 2. Suppose d*w + w = -258. What is the tens digit of ((-3)/6 - 0)*w?
4
Let q(y) = 7*y - 12. Let v(z) = -9*z + 10 + 5*z - 25 + 2*z. Let t be v(-11). What is the units digit of q(t)?
7
Let x = -366 + 698. What is the tens digit of x?
3
Let i = 127 + -133. Let v(b) = -b**2 - 10*b + 5. Let m(d) = -2*d**2 - 20*d + 11. Let w(s) = -6*m(s) + 13*v(s). What is the tens digit of w(i)?
2
Suppose 4*s - 5*r + 56 = 2*s, -2*r = -3*s - 62. Let y(g) = -15*g + 59. What is the hundreds digit of y(s)?
3
Let u = -15 - -18. Suppose 46 + 32 = u*t. Suppose 3*k + t = 110. What is the units digit of k?
8
Let i = -192 - -622. What is the units digit of i?
0
Suppose 5*v + 6083 = 2*r, -4*r - 469*v + 12184 = -473*v. What is the thousands digit of r?
3
Suppose k - 9 = -2*h, -3*k + 12 = k. What is the tens digit of 5*(h - 3 - -13 - 2)?
5
Let m(k) = -k**2 + 2*k + 1. Let h be m(2). What is the tens digit of 4 - ((-192)/4 + h)?
5
Let s be -1*2*-2 - 76/19. Let q(l) = -l**3 + 2*l**3 - 14 + l**2 + 32. What is the tens digit of q(s)?
1
Let c = -320 - -169. What is the tens digit of c/(-7) - 28/49?
2
Let v be (-4 + 1)/(24/(-40)). Suppose 5*t + v*x = 250, t - 3*x - 42 = 24. Suppose 0 = -2*z, -3*c + 4*z + t + 12 = 0. What is the tens digit of c?
2
Let o = -376 + 1003. What is the units digit of o?
7
Let r(l) = -12*l + 6*l - 4 + 8*l. Let c be r(4). Suppose c*d - 2*d = 98. What is the tens digit of d?
4
Let f(l) = 39*l**2 - 2*l + 1. What is the units digit of f(-2)?
1
Let c = -24 - -31. Suppose 2*o + 455 = c*o. What is the units digit of o?
1
Suppose 485 = 9*g - 1963. What is the hundreds digit of g?
2
Let o be -2*(-4)/8 + -11. Suppose 2*w + 3*h - 16 + 3 = 0, -20 = -3*w - 4*h. What is the units digit of o/w*(-12 + 0)?
5
Let k = -34 + 39. Suppose 467 = -k*q + 1442. What is the units digit of q?
5
Suppose 0 = 6*h - 98 - 154. Let l = 3 - 1. Suppose l*t = 2*m + h, -5 = -2*m - 11. What is the tens 